{"id":36,"date":"2024-08-10T10:19:46","date_gmt":"2024-08-10T08:19:46","guid":{"rendered":"https:\/\/sites.pocexpress.eu\/swingisthething\/?page_id=36"},"modified":"2026-02-12T00:25:53","modified_gmt":"2026-02-11T23:25:53","slug":"accueil","status":"publish","type":"page","link":"https:\/\/sites.pocexpress.eu\/swingisthething\/accueil\/","title":{"rendered":"Accueil"},"content":{"rendered":"\n<p><strong>Swing is the thing<\/strong> (SITT) est une association loi 1901 dont le but est de promouvoir les danses et musiques afro-am\u00e9ricaines des ann\u00e9es 1920-1940.<\/p>\n\n\n\n<p>Notre \u00e9tat d\u2019esprit et nos valeurs sont r\u00e9sum\u00e9s dans notre clip vid\u00e9o :<\/p>\n\n\n\n<p><a href=\"https:\/\/www.youtube.com\/watch?v=Ein2kEVg44c\">https:\/\/www.youtube.com\/watch?v=Ein2kEVg44c<\/a><\/p>\n\n\n\n<p><strong><mark style=\"background-color:rgba(0, 0, 0, 0)\" class=\"has-inline-color has-vivid-red-color\">Nouveau :<\/mark><\/strong> cours hebdomadaire de <strong>Solo Jazz <\/strong>\u00e0 la rentr\u00e9e 2025<\/p>\n\n\n\n<figure class=\"wp-block-image size-large\"><img fetchpriority=\"high\" decoding=\"async\" width=\"724\" height=\"1024\" src=\"https:\/\/sites.pocexpress.eu\/swingisthething\/wp-content\/uploads\/sites\/4\/2026\/02\/14-fevrier-photo_2026-02-11_23-23-09-1-724x1024.jpg\" alt=\"\" class=\"wp-image-491\" srcset=\"https:\/\/sites.pocexpress.eu\/swingisthething\/wp-content\/uploads\/sites\/4\/2026\/02\/14-fevrier-photo_2026-02-11_23-23-09-1-724x1024.jpg 724w, https:\/\/sites.pocexpress.eu\/swingisthething\/wp-content\/uploads\/sites\/4\/2026\/02\/14-fevrier-photo_2026-02-11_23-23-09-1-212x300.jpg 212w, https:\/\/sites.pocexpress.eu\/swingisthething\/wp-content\/uploads\/sites\/4\/2026\/02\/14-fevrier-photo_2026-02-11_23-23-09-1-768x1086.jpg 768w, https:\/\/sites.pocexpress.eu\/swingisthething\/wp-content\/uploads\/sites\/4\/2026\/02\/14-fevrier-photo_2026-02-11_23-23-09-1.jpg 905w\" sizes=\"(max-width: 724px) 100vw, 724px\" \/><\/figure>\n","protected":false},"excerpt":{"rendered":"<p>Swing is the thing (SITT) est une association loi 1901 dont le but est de promouvoir les danses et musiques afro-am\u00e9ricaines des ann\u00e9es 1920-1940. Notre \u00e9tat d\u2019esprit et nos valeurs [&hellip;]<\/p>\n","protected":false},"author":1,"featured_media":0,"parent":0,"menu_order":0,"comment_status":"closed","ping_status":"closed","template":"","meta":{"footnotes":""},"_links":{"self":[{"href":"https:\/\/sites.pocexpress.eu\/swingisthething\/wp-json\/wp\/v2\/pages\/36"}],"collection":[{"href":"https:\/\/sites.pocexpress.eu\/swingisthething\/wp-json\/wp\/v2\/pages"}],"about":[{"href":"https:\/\/sites.pocexpress.eu\/swingisthething\/wp-json\/wp\/v2\/types\/page"}],"author":[{"embeddable":true,"href":"https:\/\/sites.pocexpress.eu\/swingisthething\/wp-json\/wp\/v2\/users\/1"}],"replies":[{"embeddable":true,"href":"https:\/\/sites.pocexpress.eu\/swingisthething\/wp-json\/wp\/v2\/comments?post=36"}],"version-history":[{"count":25,"href":"https:\/\/sites.pocexpress.eu\/swingisthething\/wp-json\/wp\/v2\/pages\/36\/revisions"}],"predecessor-version":[{"id":492,"href":"https:\/\/sites.pocexpress.eu\/swingisthething\/wp-json\/wp\/v2\/pages\/36\/revisions\/492"}],"wp:attachment":[{"href":"https:\/\/sites.pocexpress.eu\/swingisthething\/wp-json\/wp\/v2\/media?parent=36"}],"curies":[{"name":"wp","href":"https:\/\/api.w.org\/{rel}","templated":true}]}}